List the prime factors of 259638.
2, 3, 109, 397
What are the prime factors of 8382864?
2, 3, 7, 61, 409
List the prime factors of 21655170.
2, 3, 5, 29, 8297
List the prime factors of 128070.
2, 3, 5, 1423
What are the prime factors of 873150?
2, 3, 5, 5821
List the prime factors of 12189710.
2, 5, 13, 41, 2287
List the prime factors of 5135903.
2179, 2357
List the prime factors of 1078040.
2, 5, 26951
What are the prime factors of 3381415?
5, 47, 14389
What are the prime factors of 1027382?
2, 513691
What are the prime factors of 218046?
2, 3, 36341
What are the prime factors of 126190?
2, 5, 12619
List the prime factors of 9323265.
3, 5, 7, 88793
What are the prime factors of 224553?
3, 7, 17, 37
List the prime factors of 1700612.
2, 17, 89, 281
List the prime factors of 1372408.
2, 19, 9029
What are the prime factors of 28685137?
13, 17, 31, 53, 79
What are the prime factors of 900687?
3, 300229
What are the prime factors of 332132?
2, 43, 1931
List the prime factors of 3189312.
2, 3, 7, 113
List the prime factors of 1897556.
2, 474389
What are the prime factors of 2218037?
2218037
List the prime factors of 2526604.
2, 601, 1051
List the prime factors of 79369.
139, 571
What are the prime factors of 2562644?
2, 7, 19, 4817
List the prime factors of 243754.
2, 7, 23, 757
List the prime factors of 8566001.
8566001
List the prime factors of 7801864.
2, 7, 127, 1097
List the prime factors of 5707064.
2, 11, 64853
List the prime factors of 1384680.
2, 3, 5, 11, 1049
What are the prime factors of 2567970?
2, 3, 5, 9511
List the prime factors of 756232.
2, 94529
What are the prime factors of 4281826?
2, 2140913
List the prime factors of 11298500.
2, 5, 59, 383
List the prime factors of 291280.
2, 5, 11, 331
What are the prime factors of 4938286?
2, 41, 60223
What are the prime factors of 7272915?
3, 5, 13, 19, 151
List the prime factors of 3948446.
2, 113, 17471
List the prime factors of 1639668.
2, 3, 107, 1277
What are the prime factors of 351805?
5, 71, 991
What are the prime factors of 309374?
2, 13, 73, 163
List the prime factors of 231214.
2, 193, 599
List the prime factors of 538461.
3, 7, 11, 37
What are the prime factors of 7358188?
2, 41, 44867
List the prime factors of 8829.
3, 109
List the prime factors of 638156.
2, 159539
List the prime factors of 164023.
164023
List the prime factors of 19798105.
5, 191, 20731
What are the prime factors of 15930065?
5, 3186013
List the prime factors of 5159556.
2, 3, 251, 571
List the prime factors of 18792182.
2, 9396091
List the prime factors of 360893.
13, 17, 23, 71
List the prime factors of 633390.
2, 3, 5, 43, 491
What are the prime factors of 841247?
11, 31, 2467
List the prime factors of 48222.
2, 3, 19, 47
List the prime factors of 1325637.
3, 147293
What are the prime factors of 908166?
2, 3, 7, 3089
What are the prime factors of 12609359?
7, 17, 23, 271
What are the prime factors of 432759?
3, 144253
List the prime factors of 841875.
3, 5, 449
List the prime factors of 4214713.
19, 221827
List the prime factors of 542337.
3, 180779
List the prime factors of 5074725.
3, 5, 71, 953
List the prime factors of 7151154.
2, 3, 59, 20201
What are the prime factors of 254961?
3, 7, 19, 71
List the prime factors of 3795305.
5, 71, 10691
What are the prime factors of 136503?
3, 29, 523
List the prime factors of 57295.
5, 7, 1637
What are the prime factors of 987099?
3, 89, 3697
What are the prime factors of 7442398?
2, 3721199
List the prime factors of 253896.
2, 3, 71, 149
List the prime factors of 505913.
19, 26627
What are the prime factors of 1217652?
2, 3, 29, 3499
What are the prime factors of 64784?
2, 4049
What are the prime factors of 161070?
2, 3, 5, 7, 13, 59
What are the prime factors of 695872?
2, 83, 131
List the prime factors of 9538951.
23, 414737
List the prime factors of 141330.
2, 3, 5, 7, 673
What are the prime factors of 460339?
11, 41849
What are the prime factors of 2179887?
3, 726629
List the prime factors of 2203466.
2, 1101733
What are the prime factors of 6480498?
2, 3, 1080083
List the prime factors of 432175.
5, 59, 293
List the prime factors of 561405.
3, 5, 13, 2879
List the prime factors of 227818.
2, 113909
List the prime factors of 1347583.
1039, 1297
What are the prime factors of 9238766?
2, 769, 6007
List the prime factors of 11839830.
2, 3, 5, 29, 31, 439
List the prime factors of 16036417.
127, 126271
List the prime factors of 8588814.
2, 3, 13, 29, 3797
List the prime factors of 607744.
2, 1187
What are the prime factors of 2070411?
3, 7, 19, 5189
What are the prime factors of 1851997?
7, 17, 79, 197
List the prime factors of 7042457.
7042457
What are the prime factors of 9941060?
2, 5, 23, 21611
List the prime factors of 2874519.
3, 319391
List the prime factors of 1583547.
3, 7, 75407
What are the prime factors of 576248?
2, 72031
List the prime factors of 205213.
205213
What are the prime factors of 439574?
2, 219787
What are the prime factors of 533644?
2, 89, 1499
What are the prime factors of 8865764?
2, 23, 29, 3323
List the prime factors of 7485840.
2, 3, 5, 37, 281
What are the prime factors of 385077?
3, 7, 11, 1667
What are the prime factors of 208717?
37, 5641
What are the prime factors of 14326364?
2, 13, 137, 2011
What are the prime factors of 10900663?
47, 59, 3931
List the prime factors of 1488814.
2, 744407
What are the prime factors of 8546821?
601, 14221
List the prime factors of 1379101.
37, 37273
What are the prime factors of 1181387?
61, 107, 181
What are the prime factors of 7136663?
7136663
List the prime factors of 1082768.
2, 31, 37, 59
List the prime factors of 1082510.
2, 5, 11, 13, 757
List the prime factors of 4883169.
3, 1627723
List the prime factors of 2565019.
19, 127, 1063
List the prime factors of 68165.
5, 13633
What are the prime factors of 165303?
3, 18367
List the prime factors of 9613.
9613
What are the prime factors of 11354435?
5, 127, 17881
List the prime factors of 2940343.
7, 23, 2609
What are the prime factors of 14496?
2, 3, 151
List the prime factors of 6944569.
103, 191, 353
List the prime factors of 3137326.
2, 443, 3541
What are the prime factors of 219675?
3, 5, 29, 101
What are the prime factors of 554213?
11, 50383
List the prime factors of 4309099.
631, 6829
List the prime factors of 347695.
5, 69539
List the prime factors of 227318.
2, 7, 13, 1249
List the prime factors of 15616.
2, 61
What are the prime factors of 10652870?
2, 5, 887, 1201
List the prime factors of 924910.
2, 5, 7, 73, 181
What are the prime factors of 27412866?
2, 3, 13, 31, 3779
What are the prime factors of 6572115?
3, 5, 11, 17, 71
What are the prime factors of 85615?
5, 17123
What are the prime factors of 371155?
5, 74231
List the prime factors of 368456.
2, 11, 53, 79
List the prime factors of 3020457.
3, 11, 91529
List the prime factors of 4919584.
2, 47, 3271
What are the prime factors of 469052?
2, 149, 787
List the prime factors of 11456493.
3, 3818831
List the prime factors of 16915995.
3, 5, 199, 1889
List the prime factors of 526804.
2, 131701
List the prime factors of 1795975.
5, 19, 199
List the prime factors of 4517091.
3, 71, 7069
What are the prime factors of 1163633?
17, 68449
List the prime factors of 3631637.
3631637
List the prime factors of 2668423.
457, 5839
What are the prime factors of 11646876?
2, 3, 970573
What are the prime factors of 8684350?
2, 5, 173687
What are the prime factors of 773210?
2, 5, 167, 463
List the prime factors of 960014.
2, 11, 3967
What are the prime factors of 15459920?
2, 5, 7, 19, 1453
What are the prime factors of 413654?
2, 206827
List the prime factors of 3228662.
2, 1614331
What are the prime factors of 174806?
2, 87403
What are the prime factors of 4957483?
4957483
List the prime factors of 273877.
103, 2659
List the prime factors of 6244.
2, 7, 223
What are the prime factors of 135955?
5, 27191
List the prime factors of 2770767.
3, 79, 433
What are the prime factors of 281193?
3, 11, 8521
List the prime factors of 9119.
11, 829
List the prime factors of 1838508.
2, 3, 7, 43, 509
List the prime factors of 766091.
766091
What are the prime factors of 299550?
2, 3, 5, 1997
List the prime factors of 214140.
2, 3, 5, 43, 83
What are the prime factors of 1817533?
1817533
What ar